, what is -232012415 - 4?
-232012423
In base 15, what is 461a89 - 9?
461a80
In base 16, what is 14da2 + ee?
14e90
In base 6, what is -12 + -3241524500?
-3241524512
In base 13, what is -8 - 2167b0?
-2167b8
In base 15, what is ce44 - 42d?
ca16
In base 14, what is -157d - 239?
-17b8
In base 16, what is -2518 - -4c1?
-2057
In base 2, what is 1000000110110011011111 - -10?
1000000110110011100001
In base 2, what is 10111001010011010111111111 - -11?
10111001010011011000000010
In base 16, what is 54 - 3fc1d9?
-3fc185
In base 6, what is 142333043 + -241?
142332402
In base 13, what is 2 + -6c036c9?
-6c036c7
In base 15, what is 1dbe0 + -140?
1daa0
In base 7, what is -100116342 - 4?
-100116346
In base 11, what is 2454 - -9373?
10817
In base 8, what is -747662711 + -1?
-747662712
In base 7, what is 6432 + 154432?
164164
In base 16, what is -a6627e1 + -5?
-a6627e6
In base 12, what is -2145a7 - 113?
-2146ba
In base 2, what is -1011101000000101111 - 1011111?
-1011101000010001110
In base 4, what is 3230130230103 - 1?
3230130230102
In base 2, what is -10101101 - 101000010001101?
-101000100111010
In base 13, what is 2a63c + b85?
2b4c4
In base 12, what is -5 + bb346a35?
bb346a30
In base 14, what is -2385d6 - 0?
-2385d6
In base 11, what is 0 - 283a0718?
-283a0718
In base 5, what is -333 + 1224403233?
1224402400
In base 4, what is -103 - 10311210123?
-10311210232
In base 14, what is 6c74168 + 0?
6c74168
In base 13, what is -188313 + 14?
-1882cc
In base 11, what is 8 - a6a0a?
-a6a02
In base 11, what is 4 - 99408a9?
-99408a5
In base 16, what is 1567585 - -11?
1567596
In base 3, what is 21000 + -1122011012?
-1121220012
In base 4, what is 13 + 31333231230?
31333231303
In base 16, what is ccb8 + -de?
cbda
In base 6, what is 15 + 2310522?
2310541
In base 5, what is 11 + 220112424?
220112440
In base 15, what is 5ea85 - 570?
5e515
In base 14, what is 7641c - -720?
76b3c
In base 4, what is -20331313112312 + 3?
-20331313112303
In base 2, what is -11110001001001 - 1000001111010?
-100110011000011
In base 10, what is -927696 + 24?
-927672
In base 12, what is 1255b4 - 30?
125584
In base 5, what is -140324 - 114211?
-310040
In base 15, what is 25d - -55762?
559c0
In base 4, what is -21 + -132010000333?
-132010001020
In base 13, what is 2 + -18b21c?
-18b21a
In base 11, what is 16937a7 + -6?
16937a1
In base 11, what is -1363 - -3577?
2214
In base 16, what is 0 + -acd97?
-acd97
In base 6, what is 50131150332 - -3?
50131150335
In base 10, what is 15954064 + 4?
15954068
In base 7, what is -12 - 232123326?
-232123341
In base 3, what is -2 + -202000020202222?
-202000020210001
In base 8, what is -3 + 17401360?
17401355
In base 8, what is -36217 + 15663?
-20334
In base 2, what is -10000111111 + 10011100001001000?
10011010000001001
In base 6, what is -301201 - 3115?
-304320
In base 10, what is 1075572 + 42?
1075614
In base 5, what is 4 + 22222343001?
22222343010
In base 12, what is -424 - -a32a0?
a2a78
In base 14, what is 32 - -7373a?
7376c
In base 16, what is 1cb019 + -3?
1cb016
In base 12, what is 1975a9 + -1?
1975a8
In base 9, what is 65 + 131174?
131250
In base 13, what is 2 - 26b6238?
-26b6236
In base 9, what is 3286 + -458011?
-454614
In base 4, what is -230 + 30313333203?
30313332313
In base 12, what is 51 - -432a64?
432ab5
In base 6, what is 1451041300 + 0?
1451041300
In base 3, what is 10112102022210 - 22?
10112102022111
In base 15, what is 132 + -19ca5?
-19b73
In base 9, what is -67052067 + -5?
-67052073
In base 7, what is -443 - -60243465?
60243022
In base 15, what is -1 - -1b92a29?
1b92a28
In base 6, what is -13524 - -3535011?
3521043
In base 12, what is 36473 + -143?
36330
In base 4, what is -30300210030 + -10?
-30300210100
In base 9, what is 425680 - 111?
425568
In base 10, what is -8890849 + -3?
-8890852
In base 14, what is 1295 + 912?
1ba7
In base 8, what is 240 + 4465235?
4465475
In base 9, what is -20 + 24667802?
24667772
In base 4, what is -102 + 1003032130?
1003032022
In base 15, what is -5993 + 10339?
9896
In base 11, what is 40a4 + 734?
4828
In base 9, what is -268 - -642?
363
In base 15, what is 3 + -42234a6?
-42234a3
In base 3, what is 1011022020010 + 12002?
1011022102012
In base 11, what is -220276 + -31?
-2202a7
In base 4, what is 10103202 - -23301?
10133103
In base 5, what is 4 - -2040030301?
2040030310
In base 12, what is 4891b35 - -12?
4891b47
In base 9, what is -2613 - 1515?
-4228
In base 7, what is -141402 - 241?
-141643
In base 14, what is 3b91 - -1951a?
1d2ab
In base 8, what is -14 - 1011116526?
-1011116542
In base 2, what is -10010010110001 + -10111110110110?
-101010001100111
In base 8, what is 16110235 - -1?
16110236
In base 14, what is 68 + b2539?
b25a3
In base 9, what is -206 - 122308?
-122515
In base 2, what is -11010101 - -1000110110011001010101?
1000110110010110000000
In base 3, what is -110 - -2100112200111?
2100112200001
In base 6, what is 14552033210 + 4?
14552033214
In base 13, what is 2c + -75881?
-75852
In base 15, what is d09 + 3c45a?
3d264
In base 16, what is 106 - 4404bd?
-4403b7
In base 4, what is 3121220011333 - 0?
3121220011333
In base 12, what is 8b0 - 25838?
-24b48
In base 8, what is 1006024 + 36?
1006062
In base 10, what is -4 - -14020240?
14020236
In base 4, what is -23 + -1003303322?
-1003310011
In base 8, what is -20251 + -60311?
-100562
In base 16, what is 49e4e4 + 12a?
49e60e
In base 4, what is 123 - 1022000113?
-1021333330
In base 5, what is 2401123442 + 10?
2401124002
In base 9, what is 324725 - -464?
325300
In base 13, what is 217 + -5b9399?
-5b9182
In base 10, what is 13 - 2412553?
-2412540
In base 8, what is 4650136 - 3?
4650133
In base 2, what is -10100010110001111000100110111 - 1?
-10100010110001111000100111000
In base 14, what is cdd + 3820?
471d
In base 9, what is 4680 + -2124?
2555
In base 8, what is 132124 - 1505?
130417
In base 8, what is 25 - -21755175?
21755222
In base 11, what is 1566a - -11383?
26a42
In base 7, what is -550164 - 3545?
-554042
In base 16, what is ed4f18 - 3?
ed4f15
In base 14, what is -869a5 + -22?
-869c7
In base 15, what is -889b - -953?
-7e48
In base 4, what is -312330321 + 2011301?
-310313020
In base 9, what is 84444 - 386?
84047
In base 13, what is -5 + 1475253?
147524b
In base 5, what is 231103314344 + -4?
231103314340
In base 5, what is -2411 - -22144342?
22141431
In base 16, what is 17 - -4e047?
4e05e
In base 2, what is 101 + -100111111001000010101?
-100111111001000010000
In base 5, what is 0 - 34302201334?
-34302201334
In base 5, what is 442223234 + 2133?
442230422
In base 6, what is -2241451044 + -2?
-2241451050
In base 6, what is 21243202 + 52?
21243254
In base 13, what is 54 - 78b65?
-78b11
In base 11, what is -1 - 34a334?
-34a335
In base 11, what is -5 + -1195526?
-1195530
In base 9, what is -4 + 425772804?
425772800
In base 2, what is -10011000100 - -110101010011111100?
110101000000111000
In base 14, what is 83 + -4d9d63?
-4d9cc0
In base 6, what is 4421250 - 1204?
4420042
In base 3, what is 20 + 121220022010?
121220022100
In base 2, what is -1101010000100111110100 - -101011?
-1101010000100111001001
In base 15, what is ea890d + -4?
ea8909
In base 12, what is 1 + -65b18267?
-65b18266
In base 10, what is -6995683 + -2?
-6995685
In base 9, what is 1 + -7670840?
-7670838
In base 12, what is -111 + 17202?
170b1
In base 3, what is 11212221002111 - 11?
11212221002100
In base 14, what is -4a7 - 1749?
-1c12
In base 15, what is 5 - 7c2bdb?
-7c2bd6
In base 13, what is 301 + 8c6c7?
8c9c8
In base 3, what is 12120111111 + 2220?
12120121101
In base 16, what is -56d - -8a72?
8505
In base 14, what is cbb8951 + 3?
cbb8954
In base 10, what is 3 + 34326486?
34326489
In base 7, what is -12 - 54262510?
-54262522
In base 12, what is -1382a - 44?
-13872
In base 15, what is 7847b + 43?
784be
In base 16, what is 12 + -28b458?
-28b446
In base 6, what is -50130020 - 1505?
-50131525
In base 11, what is 2 - -9321592?
9321594
In base 15, what is 2 + -315c903?
-315c901
In base 12, what is 6 - -54aa35?
54aa3b
In base 12, what is 2 - -69845?
69847
In base 11, what is -4282338 + 13?
-4282325
In base 9, what is -3 - -17070657?
17070654
In base 3, what is -2020201 - -21201010?
12110102
In base 15, what is 391e - ea9?
2965
In base 13, what is 945 - 7564?
-691c
In base 2, what is 1110110001011111001110 - 11?
1110110001011